-2*f**3 + 25*f**2 + 15*f - 15. What is y(13)?
11
Let o(l) = 102*l + 1. What is o(1)?
103
Let k(o) = 2*o - 6. Calculate k(22).
38
Let p(x) = 3*x + 9. Determine p(-6).
-9
Let s(d) = -2*d - 12. Give s(-2).
-8
Let u(p) = -p**3 + p**2 - p + 4. Give u(3).
-17
Let a(n) = -19*n - 20. Give a(-1).
-1
Let t(k) = -2*k - 30. What is t(9)?
-48
Let k(w) = -w - 7. Calculate k(-6).
-1
Let o(i) = -i**2 + 2*i + 228. Give o(-14).
4
Let m(l) = l**3 - 2*l**2 - 9*l + 10. Give m(1).
0
Let x(t) = -t + 74. What is x(0)?
74
Let w(y) = 2*y**3 - 6*y**2 + 7*y. Determine w(3).
21
Let q(z) = -z**3 + 2*z**2 - 4*z + 5. What is q(3)?
-16
Let i(c) = c - 10. Give i(-7).
-17
Let f(s) = -s + 15. Calculate f(11).
4
Let o(k) = -k**2 - 16*k - 43. Calculate o(-18).
-79
Let i(z) = 25*z**3 - 11*z - 11. Calculate i(-1).
-25
Let w(m) = m**3 - 7*m**2 + 2*m + 7. What is w(6)?
-17
Let l(g) = g**2 + 28*g + 52. Calculate l(-25).
-23
Let v(f) = 7*f**2 - 8*f - 1. Calculate v(5).
134
Let v(p) = -p + 8. Determine v(-3).
11
Let o(l) = -33*l + 1. What is o(1)?
-32
Let g(v) = -v**3 - 6*v**2 - 2*v + 5. Determine g(-5).
-10
Let o(u) = -u**3 - 29*u**2 - 29*u - 69. Give o(-28).
-41
Let s(c) = -c**2 + 25*c - 32. Determine s(23).
14
Let o(x) = -x - 10. Determine o(-6).
-4
Let a(s) = -s**3 + 6*s**2 - 4. What is a(6)?
-4
Let a(v) = v**3 + 41*v**2 + 77*v - 85. Give a(-39).
-46
Let a(d) = -d**3 + 17*d**2 + 19*d + 6. Calculate a(18).
24
Let i(u) = u**3 - 6*u**2 + 6*u + 8. Calculate i(6).
44
Let h(a) = a**2 - a - 25. Give h(0).
-25
Let g(x) = x**3 - 4*x**2 - 5*x + 4. Calculate g(5).
4
Let c(t) = -t + 11. Determine c(10).
1
Let d(v) = -7*v + 27. Determine d(6).
-15
Let b(p) = -p**2 + 3*p. Determine b(5).
-10
Let q(u) = -u**3 - 6*u**2 - 6*u + 6. What is q(-5)?
11
Let g(z) = -z**3 + 2*z**2 + 9*z - 12. Give g(2).
6
Let w(k) = -31*k + 38. Determine w(3).
-55
Let a(p) = -p**3 + 8*p**2 + 7*p + 11. What is a(9)?
-7
Let h(y) = -145*y + 295. Determine h(2).
5
Let n(c) = -c**3 - 9*c**2 - 5*c + 4. Calculate n(-8).
-20
Let w(c) = c**3 - c**2 + c - 17. Calculate w(0).
-17
Let q(a) = 4*a + 1. Determine q(-5).
-19
Let k(x) = -x**2 + 4*x - 22. Calculate k(5).
-27
Let x(b) = -16*b**2 + b + 2. What is x(-1)?
-15
Let f(q) = -67*q**2 - q - 1. Give f(-1).
-67
Let c(b) = -7*b - 4. Calculate c(-2).
10
Let z(b) = 2*b**2 + 9*b + 1. Calculate z(5).
96
Let w(r) = r**3 - 15*r**2 + 13*r + 14. Determine w(14).
0
Let g(k) = -8*k + 4. Give g(-2).
20
Let g(j) = -j**3 - 2*j**2 + j - 27. Give g(0).
-27
Let a(o) = -2*o - 18. Give a(-6).
-6
Let q(d) = -2*d + 14. Give q(0).
14
Let z(r) = 11*r + 195. Determine z(-17).
8
Let h(r) = r. Give h(-9).
-9
Let v(w) = w**3 - 25*w**2 - 52*w - 32. Determine v(27).
22
Let b(t) = 2*t + 1. Calculate b(-8).
-15
Let v(j) = j**3 + 12*j**2 + 7*j - 24. Determine v(-11).
20
Let o(d) = -d - 32. What is o(-17)?
-15
Let m(r) = r**2 - 48*r + 88. What is m(2)?
-4
Let u(a) = -a**3 + 7*a**2 - 2*a - 6. Calculate u(7).
-20
Let u(v) = v**3 + 24*v**2 - 82*v - 23. Calculate u(-27).
4
Let h(l) = -l**3 + l**2 + 7*l - 2. Give h(4).
-22
Let h(x) = x**3 - 2*x**2 + 2*x + 3. Calculate h(0).
3
Let i(j) = -3*j**2 - 37*j - 23. Determine i(-11).
21
Let o(t) = 7*t**2 + 1. What is o(-1)?
8
Let p(n) = 9*n - 5. What is p(2)?
13
Let c(r) = -r**3 + 13*r**2 + 38*r - 29. Calculate c(15).
91
Let u(v) = 2*v**3 - 34*v**2 + 2*v - 41. Give u(17).
-7
Let u(k) = -2*k**2 + 48*k + 97. Determine u(26).
-7
Let c(s) = 53*s - 629. Calculate c(12).
7
Let f(n) = -n**3 - 6*n**2 - 5*n - 10. Determine f(-5).
-10
Let d(j) = -j**3 + 6*j**2 + 10*j - 10. Calculate d(7).
11
Let y(w) = -23*w + 41. Give y(2).
-5
Let f(v) = -v**2 - 10*v - 23. Give f(-7).
-2
Let l(n) = -n**2 - 9*n - 31. Calculate l(-8).
-23
Let s(i) = i**2 - 4*i + 17. Determine s(4).
17
Let l(p) = p + 5. Calculate l(-4).
1
Let i(v) = v**3 - 6*v**2 - 5*v - 1. Give i(4).
-53
Let f(d) = 4*d + 1. Calculate f(-3).
-11
Let y(d) = 2*d**2 + 27*d - 4. What is y(-13)?
-17
Let b(g) = -6*g - 142. What is b(-23)?
-4
Let h(f) = 9*f - 13. Determine h(2).
5
Let u(d) = 35*d + 209. Calculate u(-6).
-1
Let n(u) = 3*u + 41. What is n(-12)?
5
Let f(z) = -z**2 + 5*z - 7. Calculate f(4).
-3
Let z(a) = -a**3 - 14*a**2 - 14*a - 33. What is z(-13)?
-20
Let x(h) = -42*h + 671. Give x(16).
-1
Let c(d) = -d**3 + 9*d**2 - 7*d - 14. Give c(8).
-6
Let x(b) = b**2 - 13*b + 13. What is x(6)?
-29
Let q(c) = c**3 - c**2 - 2*c. Give q(-3).
-30
Let a(q) = -q**2 + q - 1. Determine a(1).
-1
Let n(y) = y**3 + 5*y**2 + 6*y - 2. Calculate n(-3).
-2
Let d(p) = -p**2 + 10*p - 11. What is d(8)?
5
Let n(s) = -4*s + 23. Calculate n(5).
3
Let a(q) = q**3 + 2*q**2 - 19*q - 69. Give a(-6).
-99
Let u(c) = 43*c + 10. What is u(-1)?
-33
Let f(y) = 16*y - 35. What is f(5)?
45
Let r(s) = 3*s**3 + s**2 - 3*s + 2. Calculate r(-2).
-12
Let i(a) = a**2 - 4*a - 3. Give i(3).
-6
Let x(a) = 4*a + 53. What is x(-25)?
-47
Let g(r) = r**3 + 2*r**2 + 2*r - 6. Determine g(0).
-6
Let u(g) = -49*g - 243. What is u(-5)?
2
Let p(l) = -2*l**2 - l + 6. Determine p(-3).
-9
Let w(u) = u**3 - 14*u**2 + u - 5. Calculate w(14).
9
Let i(w) = 96*w - 561. Give i(6).
15
Let j(w) = -w + 1. Determine j(-2).
3
Let r(u) = u**3 + 12*u**2 + 17*u - 25. What is r(-10)?
5
Let p(r) = -16*r + 2. What is p(-1)?
18
Let i(t) = 3*t - 9. Determine i(-9).
-36
Let w(o) = -o**3 + 10*o**2 - 22*o + 11. What is w(7)?
4
Let h(y) = -y**2 - 14*y - 45. What is h(-8)?
3
Let t(x) = x**3 + 2*x**2 - 2*x + 4. Give t(-4).
-20
Let c(g) = -g**2 + 3*g + 15. Determine c(6).
-3
Let j(w) = -27*w + 13. Calculate j(-2).
67
Let m(h) = -h**3 - 4*h**2 + h + 4. Calculate m(-4).
0
Let z(u) = -u**3 - 12*u**2 + 10*u - 26. What is z(-13)?
13
Let x(r) = -r**3 + 13*r**2 - 12*r - 9. Determine x(12).
-9
Let b(n) = n**2 - 3*n - 6. What is b(3)?
-6
Let o(f) = -3*f**3 - 40*f**2 + 26*f - 33. Calculate o(-14).
-5
Let k(p) = -p**3 - 6*p**2 - 4*p - 12. Determine k(-5).
-17
Let f(o) = 3*o - 19. Calculate f(-19).
-76
Let r(f) = -3*f**2 - 2. Determine r(-2).
-14
Let g(u) = u**3 + 3*u**2 - u - 1. What is g(-4)?
-13
Let j(c) = -12*c - 3. What is j(-2)?
21
Let o(w) = -w**3 - 4*w**2 + 4*w - 4. Calculate o(-5).
1
Let w(l) = 14*l + 39. Give w(-3).
-3
Let l(p) = -2*p + 3. Calculate l(-1).
5
Let t(f) = f**2 + 11*f + 6. Determine t(-8).
-18
Let g(s) = -26*s + 144. Determine g(5).
14
Let w(b) = 2*b**2 - 9*b - 1. Calculate w(4).
-5
Let f(a) = a - 1. What is f(-6)?
-7
Let s(g) = 4*g**2 + 175*g - 39. Give s(-44).
5
Let o(v) = 3*v + 43. What is o(-18)?
-11
Let l(w) = 2*w - 2. Calculate l(3).
4
Let v(g) = g**3 - 15*g**2 + 10*g - 32. Calculate v(14).
-88
Let k(y) = y**2 + 15*y + 9. Determine k(0).
9
Let i(t) = -4*t**2 - 26*t - 8. Calculate i(-8).
-56
Let s(o) = o**2 + 14*o + 16. Determine s(-12).
-8
Let m(a) = -4*a**2 - 21*a - 14. Calculate m(-4).
6
Let j(f) = 6*f - 20. Determine j(4).
4
Let i(u) = -2*u + 6. What is i(8)?
-10
Let h(l) = -7*l + 12. Determine h(-4).
40
Let s(g) = -2*g**2 - 10*g - 9. Give s(-6).
-21
Let h(w) = -w**3 + 11*w**2 - 9*w + 9. Give h(10).
19
Let b(j) = -j**3 + 12*j**2 + 5*j - 9. Calculate b(12).
51
Let v(f) = 61*f**3 - f**2 + f. Calculate v(1).
61
Let v(g) = -g**3 - 15*g**2 - 34*g + 15. Determine v(-12).
-9
Let v(y) = y**3 - 6*y**2 + y + 1. Calculate v(6).
7
Let m(b) = -b**2 - 25*b + 25. What is m(-20)?
125
Let q(g) = 13*g + 5. Determine q(0).
5
Let v(a) = -2*a + 49. Give v(23).
3
Let b(f) = f**2 + 9*f + 21. What is b(-5)?
1
Let q(r) = -3*r - 5. Determine q(7).
-26
Let f(z) = z**3 + 9*z**2 + z + 8. What is f(-7)?
99
Let m(l) = -l**2 + 8*l + 9. Determine m(11).
-24
Let f(q) = -q**2 - 36*q - 178. What is f(-6)?
2
Let z(i) = -7*i - 11. What is z(-4)?
17
Let y(k) = k**2 - 14*k + 15. Give y(12).
-9
Let j(g) = g**3 + 5*g**2 + g. What is j(-5)?
-5
Let v(x) = -x**3 - 14*x**2 - 19*x - 18. What is v(-12)?
-78
Let d(r) = r**2 + 3*r - 2. Give d(3).
16
Let k(q) = -q**3 - 11*q**2 - 11*q - 5. Determine k(-10).
5
Let u(c) = -c**3 - 5*c**2 + 27*c + 28. Determine u(-8).
4
Let i(y) = y**2 + 4*y + 6. Calculate i(-3).
3
Let n(t) = -t**3 - 6*t**2 - t + 4. Determine n(-5).
-16
Let g(t) = t**3 + 20*t**2 - t - 21. Determine g(-20).
-1
Let q(h) = -13*h**2 - 21*h - 3. Calculate q(-5).
-223
Let x(a) = 7*a**3 + a**2 - 10*a + 10. Give x(1).
8
Let x(j) = -j**2 - 1. Calculate x(5).
-26
Let f(a) = a**2 - 14*a + 11. Calculate f(10).
-29
Let w(k) = -28*k + 6. Calculate w(4).
